{"id":206,"date":"2015-01-05T00:44:20","date_gmt":"2015-01-05T00:44:20","guid":{"rendered":"http:\/\/intellego.pt\/?page_id=2"},"modified":"2021-01-12T11:22:47","modified_gmt":"2021-01-12T11:22:47","slug":"pagina-exemplo","status":"publish","type":"page","link":"https:\/\/intellego.pt\/","title":{"rendered":"Intellego"},"content":{"rendered":"\n<p style=\"background-color:#fffcd1;color:#ab5b00;text-align:center\" class=\"has-text-color has-background has-medium-font-size\">A Intellego encontra-se <strong>encerrada<\/strong> devido \u00e0 pandemia em curso. Obrigado pela compreens\u00e3o!<\/p>\n\n\n<p>Benvindos \u00e0 Intellego!<\/p>\n<p>Venha conhecer a nossa sala de trabalho baseada nos princ\u00edpios STEAM (Science, Technology, Engineering, Arts, and Mathematics), onde a partilha de conhecimento \u00e9 uma constante.<\/p>\n<p title=\"Apoio ao estudo\">A grande novidade para este ano \u00e9 o nosso MakerSpace, onde se pode aprender a fazer coisas (a s\u00e9rio!) e a divertir-te no processo! Entre a programa\u00e7\u00e3o e a rob\u00f3tica, passamos pela mec\u00e2nica e at\u00e9 pela cozinha!<\/p>\n<ul>\n<li><a href=\"https:\/\/intellego.pt\/?page_id=227\">MakerSpace da Intellego<\/a><\/li>\n<\/ul>\n<p>Mais do que ensinar coisas, queremos ensinar a aprender, a perder o medo de falhar, e que ainda h\u00e1 muita coisa por fazer!<\/p>\n<p>Tamb\u00e9m temos:<\/p>\n<ul>\n<li><a title=\"Apoio ao estudo\" href=\"https:\/\/intellego.pt\/?page_id=25\">Apoio ao estudo<\/a><\/li>\n<li><a title=\"Explica\u00e7\u00f5es\" href=\"https:\/\/intellego.pt\/?page_id=27\">Explica\u00e7\u00f5es<\/a><\/li>\n<li><a title=\"Cursos Intensivos de Franc\u00eas\" href=\"https:\/\/intellego.pt\/?page_id=29\">Cursos intensivos de franc\u00eas<\/a><\/li>\n<\/ul>\n<p><a href=\"https:\/\/intellego.pt\/contactos\/\">Contactos<\/a><\/p>","protected":false},"excerpt":{"rendered":"<p>A Intellego encontra-se encerrada devido \u00e0 pandemia em curso. Obrigado pela compreens\u00e3o! Benvindos \u00e0 Intellego! Venha conhecer a nossa sala de trabalho baseada nos princ\u00edpios STEAM (Science, Technology, Engineering, Arts, and Mathematics), onde a partilha de conhecimento \u00e9 uma constante. A grande novidade para este ano \u00e9 o nosso MakerSpace, onde se pode aprender a &hellip; <a href=\"https:\/\/intellego.pt\/\" class=\"more-link\">Continuar a ler<span class=\"screen-reader-text\">Intellego<\/span> <span class=\"meta-nav\">&rarr;<\/span><\/a><\/p>\n","protected":false},"author":1,"featured_media":0,"parent":0,"menu_order":0,"comment_status":"closed","ping_status":"open","template":"","meta":[],"_links":{"self":[{"href":"https:\/\/intellego.pt\/index.php?rest_route=\/wp\/v2\/pages\/206"}],"collection":[{"href":"https:\/\/intellego.pt\/index.php?rest_route=\/wp\/v2\/pages"}],"about":[{"href":"https:\/\/intellego.pt\/index.php?rest_route=\/wp\/v2\/types\/page"}],"author":[{"embeddable":true,"href":"https:\/\/intellego.pt\/index.php?rest_route=\/wp\/v2\/users\/1"}],"replies":[{"embeddable":true,"href":"https:\/\/intellego.pt\/index.php?rest_route=%2Fwp%2Fv2%2Fcomments&post=206"}],"version-history":[{"count":4,"href":"https:\/\/intellego.pt\/index.php?rest_route=\/wp\/v2\/pages\/206\/revisions"}],"predecessor-version":[{"id":274,"href":"https:\/\/intellego.pt\/index.php?rest_route=\/wp\/v2\/pages\/206\/revisions\/274"}],"wp:attachment":[{"href":"https:\/\/intellego.pt\/index.php?rest_route=%2Fwp%2Fv2%2Fmedia&parent=206"}],"curies":[{"name":"wp","href":"https:\/\/api.w.org\/{rel}","templated":true}]}}